 f(4). Suppose -j + 5 + d = 0. What is the units digit of j?
9
Suppose 3*i - 15 = i - 3*q, -5*i + q + 63 = 0. Let l = 64 - i. Suppose -20 = 4*c - l. What is the units digit of c?
8
Let f be -1*5*(-222)/15. Suppose -4*x + 2*s + f = 0, 33 = 3*x + 2*s + s. What is the tens digit of x?
1
Let z(k) = -6*k - 16. Let h be z(-8). Suppose 5*q + 2*t - 10 = h, 4*t = 4*q - 56. What is the tens digit of q?
1
Let m = -9 + 15. Suppose 36 = 7*f - m*f. What is the tens digit of f?
3
Suppose 8*c - 203 = c. What is the units digit of c?
9
Suppose 0 = -2*i + j - 41, -3*j - 3 = i - 0*j. What is the units digit of (-1)/7*i*7?
8
Suppose 0*q = -4*q + 248. What is the units digit of q?
2
Let w(r) = -231*r - 8. What is the tens digit of w(-1)?
2
Let f = -38 - -71. What is the tens digit of f?
3
Suppose 6*s - 176 = 4*s. What is the tens digit of s?
8
Let w = 7 + 5. Suppose -w = -f - 0*f. What is the tens digit of f?
1
Let o = 6 + 0. Suppose 9*r = 4*r + 135. Suppose -3*z = -o*z + r. What is the units digit of z?
9
Suppose 3*l - 2*d + 0*d = -33, 0 = 3*l + 2*d + 21. Let g = l - -19. What is the tens digit of g?
1
Suppose 3*n - 21 = -2*m, -5*m = -7*n + 2*n - 40. Let t = m + -11. What is the units digit of (-3)/3 + (17 - t)?
8
Let a = 144 + 36. What is the hundreds digit of a?
1
Let o(h) = h**2 - 4*h + 6. Let u be o(-6). Let x = 10 + -20. What is the units digit of x/(-35) - u/(-14)?
5
What is the units digit of 1/(-3)*36/(-2)?
6
Suppose -4*f - 3*p + 37 = 0, -f = -4*p + 1 + 4. Suppose 61 = 2*l + f. What is the units digit of l?
7
Let r(g) = 2*g**2 + g**2 + 10 + 2*g**2 - 4*g**2 - 7*g. What is the units digit of r(8)?
8
What is the tens digit of (-36)/18 + 148/1?
4
Suppose 3*n = 2*n + 3. Suppose -4*b = -n*b + 2. What is the units digit of (-16)/b - 1/1?
7
What is the units digit of 5/(-15)*-579*1?
3
Let h(r) = r**3 - r**2 - r + 2. Let d be h(0). Suppose -4*b = -d*b - 8. Suppose -t + 21 = 5*z, -t - b*z = -2*t + 3. What is the tens digit of t?
1
Let q(g) = -51*g**3 - 2*g - 1. Let j be q(-1). Suppose j = 2*i + 10. What is the tens digit of i?
2
Let i(v) = -14*v**3 + 3*v + 4. What is the units digit of i(-2)?
0
Let b = 0 - 7. Let g = b + 10. Suppose -q = 2*c + c - 1, -13 = c + g*q. What is the units digit of c?
2
Suppose -4*j + 26 = 3*d, 2*j + j = -d + 22. Let n(o) = 2*o - 9. Let m be n(j). Let t = 10 - m. What is the units digit of t?
3
Suppose p - 118 = 2*f, 3*f = p + 4*p - 576. What is the units digit of p?
4
Let c(h) = 25*h**2 - 6*h + 7. What is the units digit of c(2)?
5
Suppose -2*v - 1 = 1. Let x be (-2)/v + 1*2. What is the units digit of 1 + (-3)/((-6)/x)?
3
Suppose b = 3*x + 56 + 1, 207 = 4*b - 5*x. Suppose -o + 5*o = b. What is the units digit of o?
2
Let d(r) = 10*r**2 + 9. Let s(v) = 5*v**2 + 4. Let h(q) = -2*d(q) + 5*s(q). What is the tens digit of h(-2)?
2
Let o(b) = -b**3 + 2*b**2 - b. Let z be o(2). Let t = z - -5. Suppose 0 = -t*g - 0 + 15. What is the units digit of g?
5
Suppose -10 = 2*p - 7*p. Let y be p - (-1 + 1 - -2). Let t(j) = j + 4. What is the units digit of t(y)?
4
Suppose 3*y + 2*y + 265 = 2*p, 378 = 3*p - y. What is the units digit of p?
5
Suppose 0 = d - 1, -2*w - 66 = -3*w + d. Let p = -44 + w. Suppose 0 = -4*u + 13 + p. What is the units digit of u?
9
What is the units digit of 28/(-70) + 154/10?
5
Suppose -84 - 117 = -3*l. Suppose 3*h - 4*v - l = -0*v, -h - v = -34. Let q = h + -21. What is the units digit of q?
8
Suppose z + 1 = -2. Let i(j) = -j**3 - 4*j**2 + 4*j - 4. Let m be i(-5). What is the tens digit of m/z + 322/21?
1
Suppose 4*m - 5*h = -0*m - 17, 0 = -4*m - h + 13. Suppose -m*q = q - 9. Suppose q*t = 8*t - 50. What is the tens digit of t?
1
Let b(l) = l**3 + 5*l**2 - 10*l - 7. Suppose 3*t - v = -5*v - 14, t - 5*v + 11 = 0. What is the tens digit of b(t)?
1
Suppose 0 = 2*w - 3*w + 19. Let o = w + -13. What is the units digit of o?
6
Let h = -13 + -44. Let w = -24 - h. What is the tens digit of w?
3
Let l(d) = d + 3. Suppose 0*o = -5*o + 4*m - 41, -2*o + 5*m - 30 = 0. Let y = -2 - o. What is the units digit of l(y)?
6
Let w be -13*(-2 + 1) - -2. Suppose 0 = -0*k - k + 1. What is the units digit of (39/w)/(k/5)?
3
Suppose 4*i + 5*s - 149 = 0, -3*i - 106 = -6*i + 2*s. What is the tens digit of i?
3
Let d be 4/(-10) + 39/(-15). Let y(f) = -7*f + 1. What is the units digit of y(d)?
2
Let f be 4/6 - (-4)/(-6). Suppose -3*c + 0*c + 6 = f. Suppose 13 + 12 = 2*w - 5*g, -c*g = 2*w - 32. What is the units digit of w?
5
Let x(m) = m**3 + 2*m**2 - 5*m - 4. Suppose -52 = -4*k + 4*n, 2*n - n + 4 = 0. Suppose k = -5*c - 6. What is the units digit of x(c)?
2
Let u(y) = y - 4. Let h be u(3). Let d be h/(0 + (-1)/1). Suppose d = -b + 13. What is the tens digit of b?
1
Let b(p) = 5*p**3 + 25*p**2 + 21*p - 9. Let h(o) = o**3 + 5*o**2 + 4*o - 2. Let s(v) = -2*b(v) + 11*h(v). What is the units digit of s(-3)?
8
Let b(s) = -s**3 - 4*s**2 + 9*s + 1. What is the units digit of b(-6)?
9
Suppose 0*s + 4*c + 8 = 4*s, 2*s + c = 13. Suppose 6 = s*o - 14. Suppose -4*a + 55 = a - 4*j, -2*j = o*a - 18. What is the units digit of a?
7
Suppose -8*t = -5*t - 111. What is the tens digit of t?
3
Let m be 2/((-7)/9 + 1). Suppose 3 = 4*i - m. What is the units digit of i?
3
Let y(k) = k**2 - 5*k + 2. Let v = 5 - -1. What is the units digit of y(v)?
8
Suppose -4*k + 140 = 4*y, -3*y + 6*y - 113 = -5*k. Let p = -22 + y. What is the units digit of p?
9
Let r be 1/2*(19 - -5). What is the tens digit of -2 + r - (-3 + 2)?
1
Let i(g) = 14*g**2 + g. Let b(l) = -l**2 + 5*l - 2. Let y be b(5). What is the units digit of i(y)?
4
Suppose -3*b = -13*b + 1370. What is the hundreds digit of b?
1
Let j(a) = a + 3 + 2*a + 3 + a**3 + 4*a**2. Let m(g) = 2*g**3 + 8*g**2 + 5*g + 11. Let q(t) = -5*j(t) + 3*m(t). What is the units digit of q(-3)?
2
Let i be (-65)/9 + 2/9. Let k = i - -20. What is the units digit of k?
3
Let w be 11*2/4*2. Suppose 3*r = -2*n + w, -5*r + n + 4 = -10. Suppose -r*k = -0*k - 36. What is the tens digit of k?
1
Let n(t) = -4*t**3 - t**2 - t - 1. Let r be n(-1). Suppose 108 = 7*f - r*f. What is the units digit of f?
7
Suppose 0 = d, 4*b + 2*d + 39 = b. Let z(o) = -o**2 - 15*o - 18. What is the units digit of z(b)?
8
Let l = 3 - -1. Suppose l*p + o = 2*o + 31, p = o + 10. What is the units digit of p?
7
Let r(z) = z - 1. Let b(w) = -11*w + 9. Let v(l) = 4*b(l) + 36*r(l). What is the units digit of v(-1)?
8
What is the units digit of (6/(-12))/((-3)/36)?
6
Let m = 0 + 2. Suppose -l = -3*h - h + 3, 2*l = m*h. What is the units digit of l?
1
Suppose -4*d - 136 = -420. What is the units digit of d?
1
Suppose -4*m + 113 - 13 = 0. What is the units digit of m?
5
What is the tens digit of (-7)/((-14)/64) + -3?
2
Let g be -2*1/(-2) - -4. Suppose -g*n = -74 - 141. What is the tens digit of n?
4
Let m be 2/(-4)*-4*-20. What is the units digit of (-6 - -2)/4*m?
0
Suppose -j - 4*c = -13, -5*c - 2 = -2*j - c. Let k(n) = -2*n - 4. Let s be k(j). What is the units digit of (-120)/(-21) - 4/s?
6
Let u(j) = -j**3 + 10*j**2 + 2*j - 3. What is the units digit of u(10)?
7
Suppose -4*n - 2*u + 15 = -3*u, 0 = -n + 4*u - 15. Let l be (-2 + 4)/((-2)/(-4)). Suppose -l*g + 51 = n*t - g, -3*g - 45 = -3*t. What is the tens digit of t?
1
Suppose 2*k - 2*p - 34 = 0, -3*k + 3*p + 54 = p. What is the tens digit of k?
2
Let g = 4 - 5. What is the units digit of (-14)/(g + 2/6)?
1
Suppose -3*w + 4 = -w. Suppose -w*l + 4*f = 0, -l = -4*f + 3*f - 4. What is the units digit of l?
8
Suppose 4*j = g + 35, j - 175 = 5*g - j. What is the units digit of 15/g - (-412)/14?
9
Let h = -2 - -4. Suppose 3*d - x - 13 = -h, 0 = 2*x - 8. What is the units digit of d?
5
Suppose -2*b - 4 = 2*b. Let x be 7 + b/(3/(-6)). What is the units digit of (-3 - x)*(-3)/4?
9
Let j = -209 + 312. What is the tens digit of j?
0
Let g = -3 + 15. Let r = 25 - g. Let n = -3 + r. What is the units digit of n?
0
Suppose 10 = p - 6*p. What is the units digit of 3*1/3 - p?
3
Let i(s) = 3 + 8*s**3 - 2 + s**2 + 0 - s. What is the units digit of i(1)?
9
Suppose -4*m = -22 - 2. Let k(u) = -u**2 + 13*u + 7. What is the tens digit of k(m)?
4
Let q be (4/(-5))/((-1)/(-5)). Let i be (-64)/20 - 1/(-5). Let n = i - q. What is the units digit of n?
1
Let g be 3*-1 - (2 + -3). Suppose -24 = -4*u - 4*d, -1 = -3*u - d + 7. Let z = u - g. What is the units d